-24 - -67. Suppose 2*u - a - 97 = 0. What is the highest common divisor of 175 and u?
35
Suppose 0 = 5*o - j - 1834, -3*j + 354 = o - 0*j. What is the highest common factor of 12 and o?
6
Suppose 0*z - 2*z + 70 = 0. Let x be (196/z + -6)*-6*10. Calculate the greatest common factor of 60 and x.
12
Suppose 12*k = 5*x + 14*k - 319, -3*x + 3*k = -183. What is the greatest common factor of x and 18?
9
Let z be ((-35)/(-14))/((-5)/(-4)). What is the greatest common divisor of 6 and z?
2
Let s(j) = 8*j**2 - 5*j**2 - 2 - 1 + 0. Let k be s(3). Let c(m) = -m**3 - 12*m**2 - 17*m - 6. Let g be c(-11). What is the highest common factor of g and k?
12
Let y(u) = u**3 + 13*u**2 + 14*u + 4. Let f be y(-11). Suppose 4*g - 18 = 74. Calculate the greatest common divisor of f and g.
23
Suppose 21 = 3*x + 9*s - 5*s, -2*x + 13 = 3*s. Let z(d) = d**2 - d + 11. Let t be z(0). What is the highest common divisor of x and t?
11
Let s = 637 + -581. What is the highest common divisor of 112 and s?
56
Suppose -6*j + 61 - 19 = 0. Suppose 2*z - 2 = 2*f, f - 6*f = -2*z - j. What is the greatest common divisor of z and 1?
1
Suppose -d + 2 = -5*m + 2*d, m + 10 = 3*d. Let s = m + 2. Let y(l) = -l**3 + l**2 - 95*l + 36. Let h be y(0). What is the greatest common factor of s and h?
4
Let d be (15 - 0)*(-200)/(-30). Calculate the greatest common factor of d and 640.
20
Let s = 144 + -77. Suppose -5*p - 2 + s = 0. Let i(a) = -a + 19. Let c be i(p). Calculate the greatest common factor of c and 15.
3
Let b be (-20)/24*-3*100. Suppose -5*m + 5*d = -b, -6*m + 101 = -4*m - 3*d. Calculate the greatest common divisor of 392 and m.
49
Let q = 479 - 468. Calculate the highest common divisor of q and 187.
11
Let u = 89 + -207. Let s = -110 - u. What is the greatest common factor of s and 2?
2
Suppose -71 = -5*g - w, -2*g - 2*w = -3*w - 34. Suppose -45 = -3*z - 0*z. What is the greatest common divisor of g and z?
15
Let g(k) = -k**2 + 18*k + 16. Let b be g(6). Suppose 3*x + b = 127. Calculate the greatest common divisor of x and 117.
13
Let w(p) = p + 5. Suppose -2*r = -3*l + 8, -r - r + 5*l = 8. Let y be w(r). Let a be 20 - 4 - y/(-1). Calculate the greatest common divisor of 68 and a.
17
Let q(i) = -2*i**2 + 13*i + 7. Let g be q(7). Suppose 3*m = 3*x - m + 6, m - 3 = g. Suppose x*t + 4 = 6*t. What is the greatest common divisor of t and 7?
1
Let n(c) = -c**2 + 15*c - 13. Let k be n(14). Suppose -4 = 4*a, 0*o - o + 3*a = -15. Suppose o = 3*h + h. Calculate the greatest common divisor of k and h.
1
Suppose -4*c - b = b - 92, 0 = -2*c + 5*b + 34. Suppose -3*d + 2*n + 480 = -d, -4 = -2*n. Calculate the greatest common factor of c and d.
22
Suppose 4*u + 216 = 13*u. What is the highest common factor of 38 and u?
2
Let d(t) = t**3 + t**2 + 15. Let f be d(0). Suppose -n - 8 = -f. What is the highest common divisor of n and 77?
7
Let s(u) = u**2 + 12*u + 11. Let o be (28/(-70))/((-1)/(-30)). Let z be s(o). Let t be (-75)/(-7) + 8/28. Calculate the highest common factor of t and z.
11
Let s = -11 - -16. Suppose 5*t - 3*t - 13 = -3*r, -22 = -3*t - s*r. Let x = 49 + t. What is the highest common factor of x and 12?
12
Suppose 0*r = 15*r - 120. What is the greatest common divisor of 312 and r?
8
Suppose -101 = -2*j - v, j + v - 15 - 35 = 0. Calculate the highest common divisor of 1479 and j.
51
Suppose 5*x - q = 2*q + 275, -4*x + 4*q = -220. Suppose 0*p = -5*p + x. Suppose -250 = -5*a - 30. What is the greatest common factor of a and p?
11
Let a(u) = -2*u - 39. Let b be a(0). Let j be (3 + 6)/(-3) - b*2. What is the highest common divisor of j and 30?
15
Let u = 115 + 1181. What is the highest common divisor of 81 and u?
81
Let f be 18/(33/(-22)*(-4)/(-3)). Let k be 4066/171 + (-2)/f. Suppose -5*t + 13 = 2*y, 0 = -4*t + 2*y + y + 15. Calculate the highest common factor of t and k.
3
Suppose 38*o = 49*o - 5082. Calculate the greatest common divisor of o and 84.
42
Suppose 0 = 35*a - 32*a - 12. Let p be ((-192)/(-15))/((-8)/(-20)). What is the greatest common divisor of p and a?
4
Let n(x) = 40*x**2 - 10*x - 20. Let q be n(-2). What is the highest common divisor of 288 and q?
32
Suppose -s = -3*w - 24, w + 56 = 4*s + 15. Suppose -7 + 27 = 5*l. Let c be s - (2 + l/(-2)). Calculate the highest common divisor of 9 and c.
9
Let l be (-8)/6*28203/(-238). What is the greatest common factor of l and 79?
79
Suppose 0*g - 180 = -3*g. Suppose 12*n - 210 = 30. Calculate the highest common divisor of g and n.
20
Suppose 2*d - 2*p + 372 = 4*d, -p = 4*d - 744. Let w = d + -56. Calculate the greatest common divisor of 52 and w.
26
Suppose -3*g = 4*g. Suppose 2*r - 10 = 3*m, 3*r + 2*m - 12 - 16 = g. Suppose l - 6*u + u - 2 = 0, l = -5*u + 22. What is the highest common factor of l and r?
4
Let v be (1 - 1)*7/(-21). Suppose -3*m - 8 = -2*m. Let p be v*(-4)/m - -1. Calculate the greatest common factor of 4 and p.
1
Let z be (1/((-2)/(-28)))/((-44)/(-1078)). What is the highest common divisor of z and 7?
7
Suppose -14*o + 9 = -5*o. What is the greatest common divisor of 2 and o?
1
Suppose d - 147 = -0*d - 3*u, 0 = 5*d - u - 719. Calculate the highest common divisor of 90 and d.
18
Let o(d) = -22*d - 4. Let i be o(4). Let p = i + 108. What is the greatest common factor of p and 128?
16
Suppose 3*o + 33 - 165 = 0. Let z be 543/(-905)*((-28)/6 - 2). Calculate the greatest common factor of o and z.
4
Let d = -317 + 541. Let n be (-28)/(-1*(4 - 3)). What is the greatest common factor of n and d?
28
Suppose 5*o - 11 = 4*o. Suppose o + 49 = -v + 2*g, -v = -5*g + 66. Let b be (v/(-3))/(16/24). Calculate the greatest common divisor of 140 and b.
28
Let p = -214 + 305. Calculate the highest common factor of p and 13.
13
Suppose 0 = o - 4 - 7. Let r = 163 + 18. Let w = r + -126. Calculate the highest common divisor of o and w.
11
Suppose -594*a + 5244 = -582*a. What is the greatest common factor of 57 and a?
19
Suppose 185*c = 180*c + 900. Let m be (-18)/(-81) + (-443)/9. Let k = -29 - m. Calculate the greatest common factor of k and c.
20
Let v(i) = 47*i. Let m be v(1). Suppose -w = -0*w + m. Let t = -31 - w. What is the highest common divisor of t and 24?
8
Let b be ((-2)/4)/((-2)/72). Suppose -1917 - 27 = -54*a. What is the greatest common factor of a and b?
18
Let f(w) = -23*w - 115. Let s be f(-15). Calculate the greatest common divisor of 30 and s.
10
Let p = 2425 + -2191. Calculate the highest common divisor of 52 and p.
26
Let q be (-6)/18*(0 - 132). What is the highest common factor of 924 and q?
44
Suppose -v + 8*v = 112. What is the greatest common divisor of 16 and v?
16
Let u = 1971 - -229. What is the highest common divisor of u and 88?
88
Let t(b) = -2*b**3 + 3*b - 3. Let o be t(-4). Let s = -64 + o. Suppose 5*c - 13 - 22 = 0. Calculate the greatest common divisor of s and c.
7
Suppose -3*p = -5*d + 2077, -7*d = -5*d - 4*p - 842. What is the highest common divisor of 59 and d?
59
Suppose 57*g = 62*g - 80. Calculate the highest common factor of 128 and g.
16
Suppose 0 = 5*c - 2 - 93. Suppose 5 - c = -2*f. Let q(d) = -d**3 + 6*d**2 + 6*d + 8. Let w be q(f). What is the highest common factor of w and 7?
1
Suppose 0 = -3*a - v + 677, -a + 199 = -2*v - 22. Calculate the greatest common divisor of 45 and a.
45
Let l(t) = 33*t**3 - 3*t**2 - 8*t + 9. Let f be l(1). What is the greatest common factor of 837 and f?
31
Let i = 243 + -215. Let h = 8 + -5. Let l(o) = 38*o - 2. Let s be l(h). Calculate the greatest common divisor of i and s.
28
Let v be ((1036/8)/7 - 3)*-2. Let w = v + 43. Calculate the greatest common divisor of 30 and w.
6
Let h = -133 + 181. What is the greatest common divisor of h and 36?
12
Let s(d) = -79*d - 281. Let r be s(-12). Calculate the highest common factor of 161 and r.
23
Let g(m) = 51*m**2 + 10*m + 4. Let o be g(3). Calculate the highest common factor of o and 29.
29
Let x(a) = 30*a + 3. Let s be x(6). Suppose 6*d - d + 20 = 0, -5*r + s = -2*d. What is the greatest common divisor of r and 105?
35
Let j(l) = -l**3 + 7*l**2 - 7*l. Let q be j(5). Let i(t) = -2*t - 1. Let a be i(-6). Let u = q + a. Calculate the greatest common divisor of u and 13.
13
Suppose -10*l = -70 - 230. What is the highest common divisor of l and 675?
15
Let c be (-54)/(-8)*80/(-3). Let s be ((-3)/(-9))/((-3)/c). Suppose 2*